{"id":1835,"date":"2010-11-14T13:49:14","date_gmt":"2010-11-14T12:49:14","guid":{"rendered":"http:\/\/la-ex.net\/?page_id=1835"},"modified":"2021-08-17T12:18:49","modified_gmt":"2021-08-17T10:18:49","slug":"modelo-de-reclamacion-canon","status":"publish","type":"page","link":"https:\/\/dev.xnet-x.net\/es\/herramientas\/modelo-de-reclamacion-del-canon\/","title":{"rendered":"MODELO DE RECLAMACI\u00d3N DEL CANON"},"content":{"rendered":"<p><em>[Atenci\u00f3n. Todos estos recursos, los de la secci\u00f3n <a href=\"https:\/\/xnet-x.net\/contactanos-para\/portal-de-cultura-libre\/\" rel=\"noopener noreferrer\" target=\"_blank\">Recursos de Cultura Libre <\/a>est\u00e1n desactualizados desde 2010. Aunque muchos todav\u00eda pueden servir, antes de usarlos se deben revisar seg\u00fan la legislaci\u00f3n vigente.]<\/em><br \/>\n&nbsp;<\/p>\n<p>Sres.<br \/>\nSGAE, Sociedad General de Autores y Editores<br \/>\nFernando VI, 4<br \/>\n28004 Madrid<\/p>\n<p>EGEDA, ENTIDAD DE GESTION DE PRODUCTORES AUDIOVISUALES<br \/>\nLuis Bu\u00f1uel, 2-3\u00aa Edificio EGEDA &#8211; Ciudad de la Imagen &#8211;<br \/>\n28223 Pozuelo de Alarc\u00f3n &#8211; MADRID<\/p>\n<p>VGAP, Visual Entidad de Gesti\u00f3n de Artistas Pl\u00e1sticos<br \/>\nC\/ Nu\u00f1ez de Balboa, 25.<br \/>\n28001, Madrid.<\/p>\n<p>AISGE. ARTISTAS INTERPRETES SOCIEDAD DE GESTION<br \/>\nRuiz de Alarc\u00f3n, 11<br \/>\n28014 Madrid<\/p>\n<p>AIE, Artistas, Int\u00e9rpretes o Ejecutantes, Sociedad de Gesti\u00f3n         de Espa\u00f1a<br \/>\nTorrelara, 8<br \/>\n28016 MADRID<\/p>\n<p>Centro Espa\u00f1ol de Derechos Reprogr\u00e1ficos (CEDRO)<br \/>\nMiguel \u00c1ngel, 23<br \/>\n28010 Madrid<\/p>\n<p>En &#8230;&#8230;&#8230;&#8230;&#8230;. a &#8230;&#8230;&#8230;&#8230; de&#8230;&#8230;.. de &#8230;&#8230;..<\/p>\n<p>Muy Sres. Mios:<\/p>\n<p>Por la presente, y en nombre de la instituci\u00f3n que         represento, me veo en la obligaci\u00f3n de reclamarles         solidariamente las cantidades indebidamente recaudadas por sus         entidades en concepto de \u00abCanon Digital\u00bb y que, prudentemente         analizadas, ascienden a la cantidad de &#8230;&#8230;&#8230;..<\/p>\n<p>Esta cifra se corresponde con los soportes y dispositivos         digitales adquiridos por la entidad que represento, desde el mes         de Diciembre el a\u00f1o 2000, y es independiente de otras cantidades         que por similar concepto, pudieran reclamarse por terceros.<\/p>\n<p>Teniendo en cuenta que la Sentencia de fecha 21 de Octubre         de 2010, del Tribunal de Justicia de la Uni\u00f3n Europea, ha venido         a demostrar que las cantidades abonadas hasta ahora a su         Instituci\u00f3n, por las personas jur\u00eddicas, en concepto de \u00abCanon         Digital\u00bb, nunca fueron debidas, debemos deducir que nos         encontramos ante un supuesto jur\u00eddico de \u00abcobro de lo indebido\u00bb         (entregarse cantidad no debida en la creencia err\u00f3nea de que         estaba obligado a hacerlo), pudiendo por tanto dar curso a la         literalidad de los art\u00edculos 1895 a 1901 del C\u00f3digo Civil y, en         su caso, debiendo dirigir la acci\u00f3n contra quien acept\u00f3 el pago         (Sentencia del Tribunal Supremo de 30-12-98).<\/p>\n<p>La Ley de Propiedad Intelectual no legitimaba de ninguna         manera a las personas jur\u00eddicas para hacer copias privadas y,         por tanto, nunca pudieron producir los perjuicios que Uds. han         pretendido compensar \u00abequitativamente\u00bb con el canon digital. A         pesar de ello, y de la oposici\u00f3n de muchos supuestos \u00abdeudores\u00bb,         han estado exigiendo indiscriminadamente su pago, con el desaf\u00edo         de supuestas acciones judiciales, que supuestamente se amparaban         en el acuerdo privado que se firm\u00f3 entre ASIMELEC y las         entidades gestoras de derechos de autor, y que entr\u00f3 en vigor el         1 de Septiembre de 2003, con efectos retroactivos a diciembre de         2002.<\/p>\n<p>En consecuencia, dado que el concepto de \u00abcopia privada\u00bb no         puede ser interpretado\/aplicado de forma interesada, que debe         darse cumplimiento a las excepciones previstas en la LPI, y que         nunca un acuerdo privado entre dos grupos de empresas es         vinculante con fuerza de ley a una administraci\u00f3n p\u00fablica ajena         al mismo, es por lo que a partir del recibo del presente         requerimiento, transcurridos 30 d\u00edas del mismo, procederemos a         la reclamaci\u00f3n por v\u00eda judicial de las cantidades que estimamos         debidas.<\/p>\n<p>Quedamos a su disposici\u00f3n a trav\u00e9s de nuestra letrada         &#8230;&#8230;., con domicilio profesional &#8230;&#8230;., a fin de que, si es         de su inter\u00e9s, procedan a contactar con su despacho (Tel.:         &#8230;.), tanto para proceder a la devoluci\u00f3n de las cantidades         debidas, m\u00e1s los intereses legales preceptivos, como a cualquier         comprobaci\u00f3n de las cantidades reclamadas o aclaraci\u00f3n de los         conceptos a reclamar.<\/p>\n<p>Atentamente,<\/p>\n<p>&#8230;&#8230;.<br \/>\n<strong><br \/>\nPara m\u00e1s informaci\u00f3n relativa al Canon Digital en Espa\u00f1a puedes consultar:<\/strong><\/p>\n<p><a title=\"Sentencia del Tribunal Europeo sobre la aplicaci\u00f3n del Canon en Espa\u00f1a\" href=\"\/canon-digital-espanol-ilegal\">Sentencia del Tribunal Europeo sobre el canon digital <\/a>: \u00bfQu\u00e9 implica la sentencia del Tribunal de Justicia relativa a la aplicaci\u00f3n del Canon por copia privada en Espa\u00f1a?<br \/>\n<a title=\"Para saber m\u00e1s sobre como se rcauda y reparte el Canon Digital\" href=\"\/devolucion-canon-por-copia-privada\">Pide la devoluci\u00f3n del Canon digital por copia privada<\/a>: Qui\u00e9n y como reacuda y reparte el Canon Digital en Espa\u00f1a.<br \/>\n<a title=\"Qui\u00e9n puede reclamar el Canon Digital y como\" href=\"\/como-reclamar-el-canon\">C\u00f3mo reclamar el Canon Digital<\/a>: Indicaciones pr\u00e1cticas sobre como proceder para la devoluci\u00f3n del Canon Digital.<br \/>\n<\/p>","protected":false},"excerpt":{"rendered":"<p>[Atenci\u00f3n. Todos estos recursos, los de la secci\u00f3n Recursos de Cultura Libre est\u00e1n desactualizados desde 2010. Aunque muchos todav\u00eda pueden servir, antes de usarlos se deben revisar seg\u00fan la legislaci\u00f3n vigente.] &nbsp; Sres. SGAE, Sociedad General de Autores y Editores Fernando VI, 4 28004 Madrid EGEDA, ENTIDAD DE GESTION DE PRODUCTORES AUDIOVISUALES Luis Bu\u00f1uel, 2-3\u00aa [&hellip;]<\/p>\n","protected":false},"author":5,"featured_media":0,"parent":6,"menu_order":0,"comment_status":"open","ping_status":"closed","template":"","meta":{"footnotes":""},"class_list":["post-1835","page","type-page","status-publish","hentry"],"yoast_head":"<!-- This site is optimized with the Yoast SEO plugin v26.7 - https:\/\/yoast.com\/wordpress\/plugins\/seo\/ -->\n<title>MODELO DE RECLAMACI\u00d3N DEL CANON -<\/title>\n<meta name=\"robots\" content=\"index, follow, max-snippet:-1, max-image-preview:large, max-video-preview:-1\" \/>\n<link rel=\"canonical\" href=\"https:\/\/dev.xnet-x.net\/es\/herramientas\/modelo-de-reclamacion-del-canon\/\" \/>\n<meta name=\"twitter:label1\" content=\"Tiempo de lectura\" \/>\n\t<meta name=\"twitter:data1\" content=\"7 minutos\" \/>\n<script type=\"application\/ld+json\" class=\"yoast-schema-graph\">{\"@context\":\"https:\/\/schema.org\",\"@graph\":[{\"@type\":\"WebPage\",\"@id\":\"https:\/\/dev.xnet-x.net\/es\/herramientas\/modelo-de-reclamacion-del-canon\/\",\"url\":\"https:\/\/dev.xnet-x.net\/es\/herramientas\/modelo-de-reclamacion-del-canon\/\",\"name\":\"MODELO DE RECLAMACI\u00d3N DEL CANON -\",\"isPartOf\":{\"@id\":\"https:\/\/dev.xnet-x.net\/es\/#website\"},\"datePublished\":\"2010-11-14T12:49:14+00:00\",\"dateModified\":\"2021-08-17T10:18:49+00:00\",\"breadcrumb\":{\"@id\":\"https:\/\/dev.xnet-x.net\/es\/herramientas\/modelo-de-reclamacion-del-canon\/#breadcrumb\"},\"inLanguage\":\"es\",\"potentialAction\":[{\"@type\":\"ReadAction\",\"target\":[[\"https:\/\/dev.xnet-x.net\/es\/herramientas\/modelo-de-reclamacion-del-canon\/\"]]}]},{\"@type\":\"BreadcrumbList\",\"@id\":\"https:\/\/dev.xnet-x.net\/es\/herramientas\/modelo-de-reclamacion-del-canon\/#breadcrumb\",\"itemListElement\":[{\"@type\":\"ListItem\",\"position\":1,\"name\":\"Portada\",\"item\":\"https:\/\/dev.xnet-x.net\/es\/\"},{\"@type\":\"ListItem\",\"position\":2,\"name\":\"Herramientas\",\"item\":\"https:\/\/dev.xnet-x.net\/es\/herramientas\/\"},{\"@type\":\"ListItem\",\"position\":3,\"name\":\"MODELO DE RECLAMACI\u00d3N DEL CANON\"}]},{\"@type\":\"WebSite\",\"@id\":\"https:\/\/dev.xnet-x.net\/es\/#website\",\"url\":\"https:\/\/dev.xnet-x.net\/es\/\",\"name\":\"[:es]Xnet - Internet, derechos y democracia en la era digital[:ca]Xnet - Internet, drets i democr\u00e0cia en l'era digital[:en]Xnet - Internet freedoms & digital rights[:]\",\"description\":\"Xnet: Internet, informaci\u00f3n y cultura libres. Tecnopol\u00edtica. Datos, algoritmos y derechos digitales. Libertad de expresi\u00f3n. Democracia y anticorrupci\u00f3n\",\"publisher\":{\"@id\":\"https:\/\/dev.xnet-x.net\/es\/#organization\"},\"potentialAction\":[{\"@type\":\"SearchAction\",\"target\":{\"@type\":\"EntryPoint\",\"urlTemplate\":\"https:\/\/dev.xnet-x.net\/es\/?s={search_term_string}\"},\"query-input\":{\"@type\":\"PropertyValueSpecification\",\"valueRequired\":true,\"valueName\":\"search_term_string\"}}],\"inLanguage\":\"es\"},{\"@type\":\"Organization\",\"@id\":\"https:\/\/dev.xnet-x.net\/es\/#organization\",\"name\":\"Xnet - Internet, derechos y democracia en la era digital\",\"url\":\"https:\/\/dev.xnet-x.net\/es\/\",\"logo\":{\"@type\":\"ImageObject\",\"inLanguage\":\"es\",\"@id\":\"https:\/\/dev.xnet-x.net\/es\/#\/schema\/logo\/image\/\",\"url\":\"https:\/\/xnet-x.net\/img\/xnet-logo.png\",\"contentUrl\":\"https:\/\/xnet-x.net\/img\/xnet-logo.png\",\"width\":512,\"height\":512,\"caption\":\"Xnet - Internet, derechos y democracia en la era digital\"},\"image\":{\"@id\":\"https:\/\/dev.xnet-x.net\/es\/#\/schema\/logo\/image\/\"},\"sameAs\":[\"http:\/\/facebook.com\/RedX.Net\/\",\"https:\/\/x.com\/x_net_\",\"https:\/\/es.wikipedia.org\/wiki\/Xnet\"]}]}<\/script>\n<!-- \/ Yoast SEO plugin. -->","yoast_head_json":{"title":"MODELO DE RECLAMACI\u00d3N DEL CANON -","robots":{"index":"index","follow":"follow","max-snippet":"max-snippet:-1","max-image-preview":"max-image-preview:large","max-video-preview":"max-video-preview:-1"},"canonical":"https:\/\/dev.xnet-x.net\/es\/herramientas\/modelo-de-reclamacion-del-canon\/","twitter_misc":{"Tiempo de lectura":"7 minutos"},"schema":{"@context":"https:\/\/schema.org","@graph":[{"@type":"WebPage","@id":"https:\/\/dev.xnet-x.net\/es\/herramientas\/modelo-de-reclamacion-del-canon\/","url":"https:\/\/dev.xnet-x.net\/es\/herramientas\/modelo-de-reclamacion-del-canon\/","name":"MODELO DE RECLAMACI\u00d3N DEL CANON -","isPartOf":{"@id":"https:\/\/dev.xnet-x.net\/es\/#website"},"datePublished":"2010-11-14T12:49:14+00:00","dateModified":"2021-08-17T10:18:49+00:00","breadcrumb":{"@id":"https:\/\/dev.xnet-x.net\/es\/herramientas\/modelo-de-reclamacion-del-canon\/#breadcrumb"},"inLanguage":"es","potentialAction":[{"@type":"ReadAction","target":[["https:\/\/dev.xnet-x.net\/es\/herramientas\/modelo-de-reclamacion-del-canon\/"]]}]},{"@type":"BreadcrumbList","@id":"https:\/\/dev.xnet-x.net\/es\/herramientas\/modelo-de-reclamacion-del-canon\/#breadcrumb","itemListElement":[{"@type":"ListItem","position":1,"name":"Portada","item":"https:\/\/dev.xnet-x.net\/es\/"},{"@type":"ListItem","position":2,"name":"Herramientas","item":"https:\/\/dev.xnet-x.net\/es\/herramientas\/"},{"@type":"ListItem","position":3,"name":"MODELO DE RECLAMACI\u00d3N DEL CANON"}]},{"@type":"WebSite","@id":"https:\/\/dev.xnet-x.net\/es\/#website","url":"https:\/\/dev.xnet-x.net\/es\/","name":"[:es]Xnet - Internet, derechos y democracia en la era digital[:ca]Xnet - Internet, drets i democr\u00e0cia en l'era digital[:en]Xnet - Internet freedoms & digital rights[:]","description":"Xnet: Internet, informaci\u00f3n y cultura libres. Tecnopol\u00edtica. Datos, algoritmos y derechos digitales. Libertad de expresi\u00f3n. Democracia y anticorrupci\u00f3n","publisher":{"@id":"https:\/\/dev.xnet-x.net\/es\/#organization"},"potentialAction":[{"@type":"SearchAction","target":{"@type":"EntryPoint","urlTemplate":"https:\/\/dev.xnet-x.net\/es\/?s={search_term_string}"},"query-input":{"@type":"PropertyValueSpecification","valueRequired":true,"valueName":"search_term_string"}}],"inLanguage":"es"},{"@type":"Organization","@id":"https:\/\/dev.xnet-x.net\/es\/#organization","name":"Xnet - Internet, derechos y democracia en la era digital","url":"https:\/\/dev.xnet-x.net\/es\/","logo":{"@type":"ImageObject","inLanguage":"es","@id":"https:\/\/dev.xnet-x.net\/es\/#\/schema\/logo\/image\/","url":"https:\/\/xnet-x.net\/img\/xnet-logo.png","contentUrl":"https:\/\/xnet-x.net\/img\/xnet-logo.png","width":512,"height":512,"caption":"Xnet - Internet, derechos y democracia en la era digital"},"image":{"@id":"https:\/\/dev.xnet-x.net\/es\/#\/schema\/logo\/image\/"},"sameAs":["http:\/\/facebook.com\/RedX.Net\/","https:\/\/x.com\/x_net_","https:\/\/es.wikipedia.org\/wiki\/Xnet"]}]}},"_links":{"self":[{"href":"https:\/\/dev.xnet-x.net\/es\/wp-json\/wp\/v2\/pages\/1835","targetHints":{"allow":["GET"]}}],"collection":[{"href":"https:\/\/dev.xnet-x.net\/es\/wp-json\/wp\/v2\/pages"}],"about":[{"href":"https:\/\/dev.xnet-x.net\/es\/wp-json\/wp\/v2\/types\/page"}],"author":[{"embeddable":true,"href":"https:\/\/dev.xnet-x.net\/es\/wp-json\/wp\/v2\/users\/5"}],"replies":[{"embeddable":true,"href":"https:\/\/dev.xnet-x.net\/es\/wp-json\/wp\/v2\/comments?post=1835"}],"version-history":[{"count":3,"href":"https:\/\/dev.xnet-x.net\/es\/wp-json\/wp\/v2\/pages\/1835\/revisions"}],"predecessor-version":[{"id":22801,"href":"https:\/\/dev.xnet-x.net\/es\/wp-json\/wp\/v2\/pages\/1835\/revisions\/22801"}],"up":[{"embeddable":true,"href":"https:\/\/dev.xnet-x.net\/es\/wp-json\/wp\/v2\/pages\/6"}],"wp:attachment":[{"href":"https:\/\/dev.xnet-x.net\/es\/wp-json\/wp\/v2\/media?parent=1835"}],"curies":[{"name":"wp","href":"https:\/\/api.w.org\/{rel}","templated":true}]}}

MODELO DE RECLAMACIÓN DEL CANON

<p><em>[Atención. Todos estos recursos, los de la sección <a href="https://xnet-x.net/contactanos-para/portal-de-cultura-libre/" rel="noopener noreferrer" target="_blank">Recursos de Cultura Libre </a>están desactualizados desde 2010. Aunque muchos todavía pueden servir, antes de usarlos se deben revisar según la legislación vigente.]</em><br />
&nbsp;</p>
<p>Sres.<br />
SGAE, Sociedad General de Autores y Editores<br />
Fernando VI, 4<br />
28004 Madrid</p>
<p>EGEDA, ENTIDAD DE GESTION DE PRODUCTORES AUDIOVISUALES<br />
Luis Buñuel, 2-3ª Edificio EGEDA &#8211; Ciudad de la Imagen &#8211;<br />
28223 Pozuelo de Alarcón &#8211; MADRID</p>
<p>VGAP, Visual Entidad de Gestión de Artistas Plásticos<br />
C/ Nuñez de Balboa, 25.<br />
28001, Madrid.</p>
<p>AISGE. ARTISTAS INTERPRETES SOCIEDAD DE GESTION<br />
Ruiz de Alarcón, 11<br />
28014 Madrid</p>
<p>AIE, Artistas, Intérpretes o Ejecutantes, Sociedad de Gestión         de España<br />
Torrelara, 8<br />
28016 MADRID</p>
<p>Centro Español de Derechos Reprográficos (CEDRO)<br />
Miguel Ángel, 23<br />
28010 Madrid</p>
<p>En &#8230;&#8230;&#8230;&#8230;&#8230;. a &#8230;&#8230;&#8230;&#8230; de&#8230;&#8230;.. de &#8230;&#8230;..</p>
<p>Muy Sres. Mios:</p>
<p>Por la presente, y en nombre de la institución que         represento, me veo en la obligación de reclamarles         solidariamente las cantidades indebidamente recaudadas por sus         entidades en concepto de «Canon Digital» y que, prudentemente         analizadas, ascienden a la cantidad de &#8230;&#8230;&#8230;..</p>
<p>Esta cifra se corresponde con los soportes y dispositivos         digitales adquiridos por la entidad que represento, desde el mes         de Diciembre el año 2000, y es independiente de otras cantidades         que por similar concepto, pudieran reclamarse por terceros.</p>
<p>Teniendo en cuenta que la Sentencia de fecha 21 de Octubre         de 2010, del Tribunal de Justicia de la Unión Europea, ha venido         a demostrar que las cantidades abonadas hasta ahora a su         Institución, por las personas jurídicas, en concepto de «Canon         Digital», nunca fueron debidas, debemos deducir que nos         encontramos ante un supuesto jurídico de «cobro de lo indebido»         (entregarse cantidad no debida en la creencia errónea de que         estaba obligado a hacerlo), pudiendo por tanto dar curso a la         literalidad de los artículos 1895 a 1901 del Código Civil y, en         su caso, debiendo dirigir la acción contra quien aceptó el pago         (Sentencia del Tribunal Supremo de 30-12-98).</p>
<p>La Ley de Propiedad Intelectual no legitimaba de ninguna         manera a las personas jurídicas para hacer copias privadas y,         por tanto, nunca pudieron producir los perjuicios que Uds. han         pretendido compensar «equitativamente» con el canon digital. A         pesar de ello, y de la oposición de muchos supuestos «deudores»,         han estado exigiendo indiscriminadamente su pago, con el desafío         de supuestas acciones judiciales, que supuestamente se amparaban         en el acuerdo privado que se firmó entre ASIMELEC y las         entidades gestoras de derechos de autor, y que entró en vigor el         1 de Septiembre de 2003, con efectos retroactivos a diciembre de         2002.</p>
<p>En consecuencia, dado que el concepto de «copia privada» no         puede ser interpretado/aplicado de forma interesada, que debe         darse cumplimiento a las excepciones previstas en la LPI, y que         nunca un acuerdo privado entre dos grupos de empresas es         vinculante con fuerza de ley a una administración pública ajena         al mismo, es por lo que a partir del recibo del presente         requerimiento, transcurridos 30 días del mismo, procederemos a         la reclamación por vía judicial de las cantidades que estimamos         debidas.</p>
<p>Quedamos a su disposición a través de nuestra letrada         &#8230;&#8230;., con domicilio profesional &#8230;&#8230;., a fin de que, si es         de su interés, procedan a contactar con su despacho (Tel.:         &#8230;.), tanto para proceder a la devolución de las cantidades         debidas, más los intereses legales preceptivos, como a cualquier         comprobación de las cantidades reclamadas o aclaración de los         conceptos a reclamar.</p>
<p>Atentamente,</p>
<p>&#8230;&#8230;.<br />
<strong><br />
Para más información relativa al Canon Digital en España puedes consultar:</strong></p>
<p><a title="Sentencia del Tribunal Europeo sobre la aplicación del Canon en España" href="/canon-digital-espanol-ilegal">Sentencia del Tribunal Europeo sobre el canon digital </a>: ¿Qué implica la sentencia del Tribunal de Justicia relativa a la aplicación del Canon por copia privada en España?<br />
<a title="Para saber más sobre como se rcauda y reparte el Canon Digital" href="/devolucion-canon-por-copia-privada">Pide la devolución del Canon digital por copia privada</a>: Quién y como reacuda y reparte el Canon Digital en España.<br />
<a title="Quién puede reclamar el Canon Digital y como" href="/como-reclamar-el-canon">Cómo reclamar el Canon Digital</a>: Indicaciones prácticas sobre como proceder para la devolución del Canon Digital.<br />
</p>

<p>[Atención. Todos estos recursos, los de la sección Recursos de Cultura Libre están desactualizados desde 2010. Aunque muchos todavía pueden servir, antes de usarlos se deben revisar según la legislación vigente.] &nbsp; Sres. SGAE, Sociedad General de Autores y Editores Fernando VI, 4 28004 Madrid EGEDA, ENTIDAD DE GESTION DE PRODUCTORES AUDIOVISUALES Luis Buñuel, 2-3ª [&hellip;]</p>

<!-- This site is optimized with the Yoast SEO plugin v26.7 - https://yoast.com/wordpress/plugins/seo/ -->
<title>MODELO DE RECLAMACIÓN DEL CANON -</title>
<meta name="robots" content="index, follow, max-snippet:-1, max-image-preview:large, max-video-preview:-1" />
<link rel="canonical" href="https://dev.xnet-x.net/es/herramientas/modelo-de-reclamacion-del-canon/" />
<meta name="twitter:label1" content="Tiempo de lectura" />
	<meta name="twitter:data1" content="7 minutos" />
<script type="application/ld+json" class="yoast-schema-graph">{"@context":"https://schema.org","@graph":[{"@type":"WebPage","@id":"https://dev.xnet-x.net/es/herramientas/modelo-de-reclamacion-del-canon/","url":"https://dev.xnet-x.net/es/herramientas/modelo-de-reclamacion-del-canon/","name":"MODELO DE RECLAMACIÓN DEL CANON -","isPartOf":{"@id":"https://dev.xnet-x.net/es/#website"},"datePublished":"2010-11-14T12:49:14+00:00","dateModified":"2021-08-17T10:18:49+00:00","breadcrumb":{"@id":"https://dev.xnet-x.net/es/herramientas/modelo-de-reclamacion-del-canon/#breadcrumb"},"inLanguage":"es","potentialAction":[{"@type":"ReadAction","target":[["https://dev.xnet-x.net/es/herramientas/modelo-de-reclamacion-del-canon/"]]}]},{"@type":"BreadcrumbList","@id":"https://dev.xnet-x.net/es/herramientas/modelo-de-reclamacion-del-canon/#breadcrumb","itemListElement":[{"@type":"ListItem","position":1,"name":"Portada","item":"https://dev.xnet-x.net/es/"},{"@type":"ListItem","position":2,"name":"Herramientas","item":"https://dev.xnet-x.net/es/herramientas/"},{"@type":"ListItem","position":3,"name":"MODELO DE RECLAMACIÓN DEL CANON"}]},{"@type":"WebSite","@id":"https://dev.xnet-x.net/es/#website","url":"https://dev.xnet-x.net/es/","name":"[:es]Xnet - Internet, derechos y democracia en la era digital[:ca]Xnet - Internet, drets i democràcia en l'era digital[:en]Xnet - Internet freedoms & digital rights[:]","description":"Xnet: Internet, información y cultura libres. Tecnopolítica. Datos, algoritmos y derechos digitales. Libertad de expresión. Democracia y anticorrupción","publisher":{"@id":"https://dev.xnet-x.net/es/#organization"},"potentialAction":[{"@type":"SearchAction","target":{"@type":"EntryPoint","urlTemplate":"https://dev.xnet-x.net/es/?s={search_term_string}"},"query-input":{"@type":"PropertyValueSpecification","valueRequired":true,"valueName":"search_term_string"}}],"inLanguage":"es"},{"@type":"Organization","@id":"https://dev.xnet-x.net/es/#organization","name":"Xnet - Internet, derechos y democracia en la era digital","url":"https://dev.xnet-x.net/es/","logo":{"@type":"ImageObject","inLanguage":"es","@id":"https://dev.xnet-x.net/es/#/schema/logo/image/","url":"https://xnet-x.net/img/xnet-logo.png","contentUrl":"https://xnet-x.net/img/xnet-logo.png","width":512,"height":512,"caption":"Xnet - Internet, derechos y democracia en la era digital"},"image":{"@id":"https://dev.xnet-x.net/es/#/schema/logo/image/"},"sameAs":["http://facebook.com/RedX.Net/","https://x.com/x_net_","https://es.wikipedia.org/wiki/Xnet"]}]}</script>
<!-- / Yoast SEO plugin. -->

MODELO DE RECLAMACIÓN DEL CANON -

[:es]Xnet - Internet, derechos y democracia en la era digital[:ca]Xnet - Internet, drets i democràcia en l'era digital[:en]Xnet - Internet freedoms & digital rights[:]

Xnet: Internet, información y cultura libres. Tecnopolítica. Datos, algoritmos y derechos digitales. Libertad de expresión. Democracia y anticorrupción
